remainder when 5023 is divided by 156?
31
What is the remainder when 2664 is divided by 189?
18
What is the remainder when 104657 is divided by 150?
107
Calculate the remainder when 11794 is divided by 2848.
402
Calculate the remainder when 1088 is divided by 262.
40
What is the remainder when 5503 is divided by 45?
13
What is the remainder when 4070 is divided by 1772?
526
Calculate the remainder when 28859 is divided by 37.
36
What is the remainder when 33839 is divided by 1691?
19
What is the remainder when 3690 is divided by 3679?
11
Calculate the remainder when 3184 is divided by 321.
295
Calculate the remainder when 1187033 is divided by 296757.
5
Calculate the remainder when 1742 is divided by 1459.
283
Calculate the remainder when 207995 is divided by 363.
359
What is the remainder when 101543 is divided by 923?
13
Calculate the remainder when 5585 is divided by 266.
265
Calculate the remainder when 7569 is divided by 122.
5
What is the remainder when 9985 is divided by 4966?
53
Calculate the remainder when 607548 is divided by 176.
172
Calculate the remainder when 949 is divided by 942.
7
Calculate the remainder when 189815 is divided by 34.
27
What is the remainder when 629451 is divided by 60?
51
Calculate the remainder when 24821 is divided by 1460.
1
What is the remainder when 9719 is divided by 3208?
95
What is the remainder when 224709 is divided by 98?
93
What is the remainder when 790 is divided by 98?
6
What is the remainder when 231578 is divided by 20?
18
Calculate the remainder when 86423 is divided by 800.
23
Calculate the remainder when 2631 is divided by 20.
11
Calculate the remainder when 30219 is divided by 10071.
6
Calculate the remainder when 356069 is divided by 1884.
1877
What is the remainder when 39334 is divided by 139?
136
Calculate the remainder when 3871 is divided by 978.
937
What is the remainder when 288048 is divided by 50?
48
Calculate the remainder when 2429 is divided by 400.
29
Calculate the remainder when 34452 is divided by 322.
320
Calculate the remainder when 3193 is divided by 57.
1
What is the remainder when 6339 is divided by 716?
611
What is the remainder when 14044 is divided by 131?
27
Calculate the remainder when 3602 is divided by 3558.
44
What is the remainder when 159400 is divided by 15?
10
What is the remainder when 624329 is divided by 126?
125
What is the remainder when 4210931 is divided by 114?
113
What is the remainder when 1364 is divided by 409?
137
Calculate the remainder when 2026 is divided by 58.
54
What is the remainder when 13855 is divided by 512?
31
Calculate the remainder when 19614 is divided by 9023.
1568
Calculate the remainder when 9318 is divided by 434.
204
Calculate the remainder when 53989 is divided by 684.
637
Calculate the remainder when 17327 is divided by 404.
359
Calculate the remainder when 47996 is divided by 786.
50
Calculate the remainder when 5582 is divided by 164.
6
Calculate the remainder when 72211 is divided by 83.
1
What is the remainder when 25129 is divided by 8?
1
Calculate the remainder when 12995 is divided by 59.
15
Calculate the remainder when 11964 is divided by 2965.
104
What is the remainder when 2102 is divided by 451?
298
Calculate the remainder when 27930 is divided by 976.
602
What is the remainder when 2980 is divided by 58?
22
What is the remainder when 19377 is divided by 4611?
933
What is the remainder when 1627 is divided by 780?
67
Calculate the remainder when 5000 is divided by 168.
128
What is the remainder when 299912 is divided by 441?
32
What is the remainder when 1710 is divided by 1670?
40
What is the remainder when 32952 is divided by 5478?
84
What is the remainder when 12118 is divided by 12109?
9
What is the remainder when 10717 is divided by 640?
477
What is the remainder when 133709 is divided by 196?
37
Calculate the remainder when 73699 is divided by 268.
267
What is the remainder when 11465 is divided by 153?
143
Calculate the remainder when 246781 is divided by 385.
381
Calculate the remainder when 51428 is divided by 37.
35
What is the remainder when 56110 is divided by 387?
382
Calculate the remainder when 4009 is divided by 118.
115
What is the remainder when 324 is divided by 198?
126
Calculate the remainder when 18604 is divided by 284.
144
What is the remainder when 28733 is divided by 357?
173
What is the remainder when 42696 is divided by 72?
0
Calculate the remainder when 4156 is divided by 82.
56
What is the remainder when 10369 is divided by 326?
263
Calculate the remainder when 4455 is divided by 76.
47
Calculate the remainder when 70124 is divided by 98.
54
What is the remainder when 162255 is divided by 86?
59
What is the remainder when 28691 is divided by 9387?
530
Calculate the remainder when 1681 is divided by 37.
16
Calculate the remainder when 5480 is divided by 112.
104
Calculate the remainder when 324051 is divided by 656.
643
What is the remainder when 18504 is divided by 112?
24
What is the remainder when 14128 is divided by 204?
52
What is the remainder when 302215 is divided by 296?
295
What is the remainder when 37430 is divided by 18?
8
What is the remainder when 735 is divided by 209?
108
Calculate the remainder when 967 is divided by 11.
10
What is the remainder when 3592 is divided by 66?
28
What is the remainder when 310420 is divided by 10347?
10
What is the remainder when 1559 is divided by 312?
311
What is the remainder when 2144 is divided by 406?
114
What is the remainder when 5333 is divided by 484?
9
What is the remainder when 51553 is divided by 16?
1
Calculate the remainder when 9249 is divided by 4620.
9
Calculate the remainder when 8046 is divided by 8019.
27
What is the remainder when 91662 is divided by 246?
150
What is the remainder when 2153 is divided by 459?
317
What is the remainder when 8868 is divided by 175?
118
Calculate the remainder when 75395 is divided by 225.
20
What is the remainder when 27998 is divided by 59?
32
Calculate the remainder when 14286 is divided by 572.
558
Calculate the remainder when 832569 is divided by 416284.
1
What is the remainder when 2006 is divided by 462?
158
What is the remainder when 133261 is divided by 16?
13
Calculate the remainder when 311246 is divided by 761.
758
Calculate the remainder when 117903 is divided by 23578.
13
Calculate the remainder when 4879 is divided by 76.
15
What is the remainder when 2434 is divided by 2322?
112
What is the remainder when 2967 is divided by 223?
68
Calculate the remainder when 16404 is divided by 1640.
4
What is the remainder when 2297 is divided by 450?
47
What is the remainder when 32686 is divided by 30?
16
Calculate the remainder when 134746 is divided by 6124.
18
What is the remainder when 602304 is divided by 200764?
12
Calculate the remainder when 16459 is divided by 196.
191
What is the remainder when 91837 is divided by 656?
653
Calculate the remainder when 17571 is divided by 77.
15
What is the remainder when 47357 is divided by 118?
39
What is the remainder when 90095 is divided by 50?
45
Calculate the remainder when 18679 is divided by 9260.
159
What is the remainder when 190046 is divided by 38005?
21
Calculate the remainder when 538751 is divided by 23.
22
What is the remainder when 13710 is divided by 46?
2
What is the remainder when 17210 is divided by 17200?
10
Calculate the remainder when 1083 is divided by 332.
87
What is the remainder when 688944 is divided by 2778?
0
What is the remainder when 1526153 is divided by 1123?
1119
What is the remainder when 21894 is divided by 42?
12
Calculate the remainder when 49210 is divided by 911.
16
Calculate the remainder when 4201 is divided by 476.
393
Calculate the remainder when 27376 is divided by 39.
37
Calculate the remainder when 3232 is divided by 164.
116
What is the remainder when 1296619 is divided by 454?
449
What is the remainder when 2322 is divided by 13?
8
Calculate the remainder when 118801 is divided by 824.
145
Calculate the remainder when 193440 is divided by 26.
0
Calculate the remainder when 75366 is divided by 2159.
1960
What is the remainder when 34240 is divided by 218?
14
Calculate the remainder when 8079 is divided by 423.
42
What is the remainder when 31995 is divided by 533?
15
What is the re